{"id":23,"date":"2008-12-31T07:00:57","date_gmt":"2008-12-31T15:00:57","guid":{"rendered":"http:\/\/www.hnckalip.com\/?page_id=23"},"modified":"2017-01-17T00:59:32","modified_gmt":"2017-01-17T08:59:32","slug":"tasarim-ve-uretim","status":"publish","type":"page","link":"https:\/\/www.hnckalip.com\/index.php\/kurumsal\/tasarim-ve-uretim\/","title":{"rendered":"Tasar\u0131m ve \u00dcretim"},"content":{"rendered":"<h1>Tasar\u0131m &amp; \u00dcretim<\/h1>\n<p>\u00dcretim t\u00fcm\u00fcyle CAD-CAM teknolojisi ile ger\u00e7ekle\u015ftirmektedir.<\/p>\n<p>3 boyutlu Kal\u0131p-Par\u00e7a tasar\u0131mdan sonra, kal\u0131p par\u00e7a \u00e7izimleri yap\u0131lmakta ve \u00fcretime ge\u00e7ilmektedir. Kal\u0131p tasar\u0131m ve \u00fcretimindeki tecr\u00fcbemiz; bize, kal\u0131p i\u015finde y\u00fcksek do\u011fruluk ve y\u00fcksek performans sa\u011flam\u0131\u015ft\u0131r. Kal\u0131p imal yetene\u011fimize ilaveten tasar\u0131m ekibimiz, m\u00fc\u015fteri ihtiya\u00e7lar\u0131n\u0131 tamamen kar\u015f\u0131lamak i\u00e7in teori ve pratik tecr\u00fcbeyi birle\u015ftirir.<\/p>\n","protected":false},"excerpt":{"rendered":"<p>Tasar\u0131m &amp; \u00dcretim \u00dcretim t\u00fcm\u00fcyle CAD-CAM teknolojisi ile ger\u00e7ekle\u015ftirmektedir. 3 boyutlu Kal\u0131p-Par\u00e7a tasar\u0131mdan sonra, kal\u0131p par\u00e7a \u00e7izimleri yap\u0131lmakta ve \u00fcretime ge\u00e7ilmektedir. Kal\u0131p tasar\u0131m ve \u00fcretimindeki tecr\u00fcbemiz; bize, kal\u0131p i\u015finde y\u00fcksek do\u011fruluk ve y\u00fcksek performans sa\u011flam\u0131\u015ft\u0131r. Kal\u0131p imal yetene\u011fimize ilaveten tasar\u0131m ekibimiz, m\u00fc\u015fteri ihtiya\u00e7lar\u0131n\u0131 tamamen kar\u015f\u0131lamak i\u00e7in teori ve pratik tecr\u00fcbeyi [&hellip;]<\/p>\n","protected":false},"author":5,"featured_media":0,"parent":2,"menu_order":2,"comment_status":"closed","ping_status":"closed","template":"","meta":[],"_links":{"self":[{"href":"https:\/\/www.hnckalip.com\/index.php\/wp-json\/wp\/v2\/pages\/23"}],"collection":[{"href":"https:\/\/www.hnckalip.com\/index.php\/wp-json\/wp\/v2\/pages"}],"about":[{"href":"https:\/\/www.hnckalip.com\/index.php\/wp-json\/wp\/v2\/types\/page"}],"author":[{"embeddable":true,"href":"https:\/\/www.hnckalip.com\/index.php\/wp-json\/wp\/v2\/users\/5"}],"replies":[{"embeddable":true,"href":"https:\/\/www.hnckalip.com\/index.php\/wp-json\/wp\/v2\/comments?post=23"}],"version-history":[{"count":0,"href":"https:\/\/www.hnckalip.com\/index.php\/wp-json\/wp\/v2\/pages\/23\/revisions"}],"up":[{"embeddable":true,"href":"https:\/\/www.hnckalip.com\/index.php\/wp-json\/wp\/v2\/pages\/2"}],"wp:attachment":[{"href":"https:\/\/www.hnckalip.com\/index.php\/wp-json\/wp\/v2\/media?parent=23"}],"curies":[{"name":"wp","href":"https:\/\/api.w.org\/{rel}","templated":true}]}}