{"id":2,"date":"2008-12-30T14:31:09","date_gmt":"2008-12-30T22:31:09","guid":{"rendered":"http:\/\/www.hnckalip.com\/?page_id=2"},"modified":"2017-01-17T00:28:59","modified_gmt":"2017-01-17T08:28:59","slug":"kurumsal","status":"publish","type":"page","link":"https:\/\/www.hnckalip.com\/index.php\/kurumsal\/","title":{"rendered":"KURUMSAL"},"content":{"rendered":"<h1>\u015eirket Profilimiz<\/h1>\n<p>\u015eirketimiz, 2006 y\u0131l\u0131nda \u0130malat sanayinde faaliyet g\u00f6steren,m\u00fc\u015fteri ad\u0131na,Kesme kal\u0131plar\u0131, ve bu kal\u0131plara ba\u011fl\u0131 \u00fcr\u00fcnlerin imalat\u0131n\u0131 mamul ve yar\u0131 mamul olarak imal ederken, her a\u015famada her t\u00fcrl\u00fc fikir al\u0131\u015fveri\u015fi yaparak kusursuz m\u00fc\u015fteri memnuniyetini ve sorunsuz mamul \u00fcretim ve teslimat\u0131n\u0131 yapan bir firmad\u0131r.<\/p>\n<p>Hizmet verdi\u011fimiz belirgin sekt\u00f6rlerin ba\u015f\u0131nda; Al\u00fcminyum ve pvc aksesuarlar\u0131,Mobilya aksesuarlar\u0131, Elektrik, Elektronik, Telekom\u00fcnikasyon say\u0131labilir.<\/p>\n<p>HNC Kal\u0131p Makine San.Tic.Ltd.\u015eti; m\u00fc\u015fterilerine verdi\u011fi hizmetin kalitesinin m\u00fc\u015fteri memnuniyeti zincirinin her halkas\u0131n\u0131 daha da kuvvetlendirece\u011fi inanc\u0131 ve bilinciyle \u00e7al\u0131\u015fmalar\u0131n\u0131 s\u00fcrd\u00fcrmekte ve &#8220;referanslar\u0131m\u0131z t\u00fcm m\u00fc\u015fterilerimizdir &#8220;demektedir.<\/p>\n<p>Firmam\u0131zda; m\u00fc\u015fteri taleplerine profesyonel cevaplar verebilmek i\u00e7in her zaman kalifiye ve e\u011fitimli personel istihdam edilmekte ve hizmet i\u00e7i e\u011fitime \u00f6zen g\u00f6sterilmektedir.<\/p>\n<p>Hedefimiz<br \/>\nHNC KALIP T\u00fcrkiye genelinde ve Marmara B\u00f6lgesinde, \u00fclkemizin \u00f6nde gelen sanayi kurulu\u015flar\u0131 ve \u015firketleri i\u00e7in \u00e7\u00f6z\u00fcmler \u00fcretmekte ve y\u0131llard\u0131r kaliteyi \u00f6n planda tutarak sekt\u00f6r\u00fcn\u00fcn \u00f6nemli isimleri aras\u0131nda yer almaktad\u0131r.<\/p>\n","protected":false},"excerpt":{"rendered":"<p>\u015eirket Profilimiz \u015eirketimiz, 2006 y\u0131l\u0131nda \u0130malat sanayinde faaliyet g\u00f6steren,m\u00fc\u015fteri ad\u0131na,Kesme kal\u0131plar\u0131, ve bu kal\u0131plara ba\u011fl\u0131 \u00fcr\u00fcnlerin imalat\u0131n\u0131 mamul ve yar\u0131 mamul olarak imal ederken, her a\u015famada her t\u00fcrl\u00fc fikir al\u0131\u015fveri\u015fi yaparak kusursuz m\u00fc\u015fteri memnuniyetini ve sorunsuz mamul \u00fcretim ve teslimat\u0131n\u0131 yapan bir firmad\u0131r. Hizmet verdi\u011fimiz belirgin sekt\u00f6rlerin ba\u015f\u0131nda; Al\u00fcminyum ve [&hellip;]<\/p>\n","protected":false},"author":5,"featured_media":0,"parent":0,"menu_order":0,"comment_status":"closed","ping_status":"closed","template":"","meta":[],"_links":{"self":[{"href":"https:\/\/www.hnckalip.com\/index.php\/wp-json\/wp\/v2\/pages\/2"}],"collection":[{"href":"https:\/\/www.hnckalip.com\/index.php\/wp-json\/wp\/v2\/pages"}],"about":[{"href":"https:\/\/www.hnckalip.com\/index.php\/wp-json\/wp\/v2\/types\/page"}],"author":[{"embeddable":true,"href":"https:\/\/www.hnckalip.com\/index.php\/wp-json\/wp\/v2\/users\/5"}],"replies":[{"embeddable":true,"href":"https:\/\/www.hnckalip.com\/index.php\/wp-json\/wp\/v2\/comments?post=2"}],"version-history":[{"count":0,"href":"https:\/\/www.hnckalip.com\/index.php\/wp-json\/wp\/v2\/pages\/2\/revisions"}],"wp:attachment":[{"href":"https:\/\/www.hnckalip.com\/index.php\/wp-json\/wp\/v2\/media?parent=2"}],"curies":[{"name":"wp","href":"https:\/\/api.w.org\/{rel}","templated":true}]}}